 0 = -2*d - 5*l + 54. Calculate the remainder when f is divided by d.
16
Let y = -5 + 10. Calculate the remainder when y is divided by (-3 + 4)/(3 - (-15)/(-6)).
1
Suppose 2*q - 49 = f + 2*f, q - 4*f = 27. Suppose 4*i = 4*n + 20, 4*n - 2*n - 2 = -2*i. Calculate the remainder when q is divided by -2*(-9 + i)*1.
11
Suppose -2*b = 6, 2*b - 360 = 5*l - 3*b. Calculate the remainder when 67 is divided by 0 + -2 - l/3.
21
Calculate the remainder when (3/12)/(8/1376) is divided by 15.
13
Calculate the remainder when 69 is divided by (-2)/(-2)*(32 + 5 + 1).
31
Let a be (3 + (-12)/9)*6. Suppose q - 3*t = 14 + a, 2*t + 133 = 5*q. What is the remainder when 105 is divided by q?
24
Let h = 39 + -6. What is the remainder when h is divided by (-182)/(-10) - (-3)/(-15)?
15
Suppose -2*n + v + 28 = 0, 0 = -4*n - v - 4*v + 56. Let z(i) = -9*i - 4. Let k = 1 + -6. What is the remainder when z(k) is divided by n?
13
Let c be (-39)/(-26)*8/(-6). What is the remainder when 36*(c - (-15)/6) is divided by 10?
8
Let b = -5 + 7. Suppose -2*x - s - b*s + 66 = 0, 3*s + 42 = 2*x. What is the remainder when x is divided by 10?
7
Let t = -12 + 26. Suppose -4*u + 3*u = 2*y - t, 2*u - 5*y - 10 = 0. Let d = 62 - 43. What is the remainder when d is divided by u?
9
Let u(s) = -3*s + 7*s - 2 - 2*s. Suppose -5 = 5*b, b = w + w - 17. Calculate the remainder when 26 is divided by u(w).
12
Suppose -71*a + 63*a + 680 = 0. What is the remainder when a is divided by 8?
5
Let r(t) = 0*t**2 - 5 + 3 - 2*t**2 + t**2 + 11*t. Let l = 28 + -20. Calculate the remainder when r(l) is divided by 8.
6
Let f be 5 + 88 + 1 + -3. Let t = f + -53. What is the remainder when t is divided by 13?
12
Let l(d) = -6*d - 3. Let f = 48 + -30. Suppose 3*w - 4*r = -6 + f, 5*r + 25 = 5*w. Calculate the remainder when l(-3) is divided by w.
7
Suppose -1 - 155 = 3*c. Let l = c + 89. What is the remainder when l is divided by 13?
11
Let t(q) = 7*q - 3. Suppose 4*x + 0*x = -8. Calculate the remainder when t(2) is divided by 3 + (-2)/x - -2.
5
Suppose -5*o = -175 - 30. Suppose -2*c = j + 2*c - o, -300 = -5*j - c. What is the remainder when j is divided by 16?
13
Let r = -1 + 2. Let c be (-2)/(((-4)/(-18))/r). Let p = c - -11. Calculate the remainder when 4 is divided by p.
0
Suppose -2*a - 14 = -5*n, 5*n + 3*a - 18 = 7*a. Suppose -3 = -3*v, -2*t + n*v - v + 25 = 0. What is the remainder when t is divided by 54/8 + (-2)/(-8)?
6
Let r(a) = a - 1. Calculate the remainder when (4/(-6))/(4/(-102)) is divided by r(6).
2
What is the remainder when (-42 - -5)*1*(0 + -1) is divided by 19?
18
Let g = 11 - 7. Suppose 46 = 4*x + 6. Calculate the remainder when x is divided by g.
2
Suppose 5*x - 67 = 308. Calculate the remainder when x is divided by 19.
18
Suppose -149 = -3*i + 208. Let u = i + -66. What is the remainder when u is divided by 14?
11
Suppose d - 65 = -3*k, 3*k + 2*k = -4*d + 113. What is the remainder when 39 is divided by k?
18
Suppose 3*z + z + 695 = 5*f, 4*z + 417 = 3*f. What is the remainder when f is divided by 28?
27
Let a(c) = c**2 - 5*c - 6. Let w be a(5). Suppose 0*y = 5*y - 15. What is the remainder when y/(9/w) - -64 is divided by 21?
20
Calculate the remainder when 42 is divided by (3 - (-4)/(-16))*4.
9
Suppose -c - 2*s + 106 = 0, 5*s - 15 - 94 = -c. Suppose 0 = 5*q - 251 - c. What is the remainder when q is divided by 12?
11
Suppose 5*f - 3*b = 207, 3*f - 6*f + 128 = 2*b. Calculate the remainder when f is divided by 11.
9
Let n = 5 + 0. Suppose -3*k + n*a = -1, 0*k + 3*a + 23 = 5*k. Calculate the remainder when 26 is divided by k.
5
Suppose -185 = 5*a - 10*a. Let d(i) be the second derivative of i**4/12 - i**3/2 - 5*i**2/2 + 5*i. Calculate the remainder when a is divided by d(6).
11
Let b = -19 + 123. What is the remainder when b is divided by 36?
32
Suppose 12 = 2*u - 2*o, -u + 5*o - 2*o = -2. Let h(k) = -k**3 - 2*k**2 + 5*k - 7. What is the remainder when u is divided by h(-4)?
3
Let z(x) = x + 3. Calculate the remainder when z(-1) is divided by 1/(0/(-1) + 1).
0
Let w = 0 - -1. Let o be ((-50)/15)/(1/(-3)). What is the remainder when 12/10 + (-2)/o is divided by w?
0
What is the remainder when (-65)/13*(2 + (-516)/15) is divided by 41?
39
Let y be (-1 + 0)*-5 + -1. Suppose 7*k - y*k - 27 = 0. Let d = -4 + k. Calculate the remainder when 12 is divided by d.
2
Let s(v) = v**3 - 2*v**2 + 2*v - 1. Let l be s(2). Suppose m - 12 = -l*m. What is the remainder when 10 is divided by m?
1
Suppose 5 = -g, g + 132 = 4*w - 309. What is the remainder when w is divided by 28?
25
Suppose 2*f = 25 - 1. Suppose -5*x = -0*x. Suppose 0 = -x*i + 3*i - 21. What is the remainder when f is divided by i?
5
Let m(n) = n**3 - n**2 - 7*n - 10. Calculate the remainder when 48 is divided by m(4).
8
Let j(w) = w + 2. Let g(c) = 3*c + 5. Let i(l) = -6*g(l) + 13*j(l). Let r be i(-4). Let h = r + -7. What is the remainder when h is divided by 5?
4
Let r(c) = -c**2 - 4*c. Let w(j) = j**2 + 1. Let o(u) = r(u) + 4*w(u). Calculate the remainder when 55 is divided by o(3).
17
Let f be 3 + (-2 + 6)/4. Let b(w) = 3*w**2 - 4*w. Let s(q) = q**3 - 7*q**2 + 3*q - 10. What is the remainder when b(f) is divided by s(7)?
10
Suppose m = 5*m + 2*d - 110, -m - 2*d = -35. Let k = m - 17. Calculate the remainder when 15 is divided by k.
7
Calculate the remainder when 35 is divided by 3/5 + -2*235/(-50).
5
Let t(v) = v + 16. What is the remainder when t(-9) is divided by (0 + -1)*(1 + -4)?
1
Let x be (1 - 2) + (-51)/(-3). What is the remainder when (4 - x)/((-4)/18) is divided by 11?
10
Suppose 0 = -3*q - 4*k + 79, 0*k = -q + 3*k + 48. Let o = q - -4. Calculate the remainder when o is divided by 13.
11
Let v be (6/9)/(2/69). Suppose r - v - 2 = 0. Suppose -3*s + 35 = -4*p, -4*s + 51 - 19 = 2*p. Calculate the remainder when r is divided by s.
7
Suppose -j + 5 = -0*j, -5*m = 2*j - 355. Calculate the remainder when m is divided by 24.
21
Suppose q + 3*l = 5*q - 537, -3*q + 4*l = -394. What is the remainder when q is divided by 47?
44
Let b(z) = -z**2 + 7*z. Let q be b(7). Suppose 4*f - 4 + 24 = q. Let x = f + 10. Calculate the remainder when 7 is divided by x.
2
Suppose 27 = -0*k + 3*k. Let d = k + 0. What is the remainder when 33 is divided by d?
6
Suppose -o = -4*o - 4*q + 251, 0 = o - 3*q - 62. What is the remainder when o is divided by 8?
5
Suppose 3*d = -d - 4. Let z be 7 - (-1 + 0 - d). Let n(w) = -w**2 + 8*w + 9. Calculate the remainder when 31 is divided by n(z).
15
What is the remainder when 33 is divided by (-34)/(-3 + -3 + 4)?
16
Let d = -20 - -53. What is the remainder when 62 is divided by d?
29
Suppose -3*l + 7 = 3*x - 11, 5*x - 22 = -3*l. What is the remainder when 6 is divided by x?
0
Suppose 3*s - q - 124 = -2*q, 5*s + 5*q = 200. Suppose 0*g + 4 = 2*g. Calculate the remainder when s is divided by 63/(5 - g) - -1.
20
Let i = 96 + -72. What is the remainder when i is divided by 11?
2
Let x be (50 - 3)*(1 + 0). Suppose 2*i + 47 = -3. Let z = i + x. What is the remainder when z is divided by 12?
10
Let l(h) = h + 28. Let o be l(0). Suppose -a - a = -o. Calculate the remainder when 39 is divided by a.
11
Let a(g) = -g**3 - 13*g**2 + 15*g + 21. What is the remainder when 61 is divided by a(-14)?
5
Suppose 3*s + 37 = 2*t, 0 = -5*t + 3*s + s + 96. Calculate the remainder when 79 is divided by t.
19
Let l = -109 - -120. What is the remainder when 64 is divided by l?
9
Let d(b) = 2*b - 3. Let w(h) = -h**3 + h**2 + h + 4. Let a be w(0). Let g be d(a). Suppose g*z = 61 + 24. Calculate the remainder when 50 is divided by z.
16
Suppose 0 = 5*w - 158 - 107. Let u = 15 - -3. What is the remainder when w is divided by u?
17
Let n = 452 - 446. Let r(m) = m**3 - 5*m**2 - 3*m + 4. Calculate the remainder when r(6) is divided by n.
4
Let o be (-57)/6 + 2/(-4). Let p(q) = q**2 + 9*q. What is the remainder when 28 is divided by p(o)?
8
Let h(t) = -t**2 + t + 2. Let r be h(-4). Let x be (-4)/6 + 78/r. Let u = x - -11. Calculate the remainder when u is divided by 4.
2
Let i(k) = -k + 1. Calculate the remainder when 30 is divided by i(-10).
8
Let k(v) be the second derivative of v**4/3 - v**3/2 + v**2 + 3*v. Calculate the remainder when 35 is divided by k(2).
11
Suppose -3*z - 11 = -4*z. Suppose -z = -0*x - x. Suppose -i = -4*o - 43, 4*o - 24 = -i + x. What is 